{"id":30714,"date":"2023-10-04T14:38:12","date_gmt":"2023-10-04T14:38:12","guid":{"rendered":"https:\/\/www.fotocasa.es\/proyecto-vivienda\/?page_id=30714"},"modified":"2023-10-05T14:12:44","modified_gmt":"2023-10-05T14:12:44","slug":"bases-legales-sorteo-ayuda-beca-comedor","status":"publish","type":"page","link":"https:\/\/www.fotocasa.es\/proyecto-vivienda\/bases-legales-sorteo-ayuda-beca-comedor\/","title":{"rendered":"Bases legales sorteo Ayuda Beca Comedor"},"content":{"rendered":"\t\t<div data-elementor-type=\"wp-page\" data-elementor-id=\"30714\" class=\"elementor elementor-30714\" data-elementor-post-type=\"page\">\n\t\t\t\t<div class=\"elementor-element elementor-element-d1cbd64 promo-vaciada e-flex e-con-boxed e-con e-parent\" data-id=\"d1cbd64\" data-element_type=\"container\" data-e-type=\"container\" data-settings=\"{&quot;background_background&quot;:&quot;classic&quot;,&quot;animation&quot;:&quot;none&quot;,&quot;animation_mobile&quot;:&quot;none&quot;}\">\n\t\t\t\t\t<div class=\"e-con-inner\">\n\t\t<div class=\"elementor-element elementor-element-92f32d9 e-con-full animated-slow e-flex e-con e-child\" data-id=\"92f32d9\" data-element_type=\"container\" data-e-type=\"container\" data-settings=\"{&quot;animation&quot;:&quot;none&quot;}\">\n\t\t\t\t<div class=\"elementor-element elementor-element-49ba0a7 elementor-widget elementor-widget-heading\" data-id=\"49ba0a7\" data-element_type=\"widget\" data-e-type=\"widget\" data-widget_type=\"heading.default\">\n\t\t\t\t<div class=\"elementor-widget-container\">\n\t\t\t\t\t<h2 class=\"elementor-heading-title elementor-size-default\">Bases y condiciones legales\npara la participaci\u00f3n en el Sorteo de Ayuda de Becas Comedor \npara Familias Monoparentales\ndel Proyecto Vivienda de Fotocasa\n<\/h2>\t\t\t\t<\/div>\n\t\t\t\t<\/div>\n\t\t\t\t<div class=\"elementor-element elementor-element-0416720 elementor-widget elementor-widget-text-editor\" data-id=\"0416720\" data-element_type=\"widget\" data-e-type=\"widget\" data-widget_type=\"text-editor.default\">\n\t\t\t\t<div class=\"elementor-widget-container\">\n\t\t\t\t\t\t\t\t\t<p><b>1- Datos identificativos del Organizador<\/b><\/p><p>ADEVINTA SPAIN, S.L.U. (en adelante, \u201cAdevinta o el Organizador\u201d) con domicilio en Calle Hernani 59, plantas 1\u00aa, CP 28020, Madrid, Espa\u00f1a, con NIF: B-8411652.<\/p><p><b>2- Objetivo del Sorteo\u00a0<\/b><\/p><p>El objetivo del sorteo de Ayuda de Becas Comedor para familias Monoparentales de Fotocasa (en adelante, el \u201cSorteo\u201d) es ayudar a los colectivos vulnerables, como lo son las familias monoparentales con hijos a su cargo en edad escolar que pertenezcan a alg\u00fan centro escolar de la Comunidad de Madrid, facilit\u00e1ndoles una ayuda para el pago del comedor escolar. Para ello, desde Fotocasa queremos ofrecerles a las familias monoparentales que cumplan las presentes condiciones, la oportunidad de ganar CUATROCIENTOS EUROS (400\u20ac) para que lo puedan destinar el pago del comedor escolar. Para m\u00e1s informaci\u00f3n sobre el Sorteo y sus finalidades, consultar <a href=\"http:\/\/www.fotocasa.es\/proyecto-vivienda\">www.fotocasa.es\/proyecto-vivienda.<\/a><\/p><p><b>3- Descripci\u00f3n del premio<\/b><\/p><p>El ganador o ganadora ser\u00e1 premiado con CUATROCIENTOS EUROS (400\u20ac) en met\u00e1lico, valor sujeto a las retenciones fiscales correspondientes explicadas en la cl\u00e1usula 8.<\/p><p><b>4- Condiciones para la participaci\u00f3n en el Sorteo<\/b><\/p><p>Entrar\u00e1n en el Sorteo todos aquellos participantes que cumplan las siguientes condiciones y cumplan con las presentes Bases Legales:<\/p><ol><li>Ser mayor de edad.<\/li><li>Ser familia monoparental y tener a uno o varios hijos menores de edad a su cargo, que cursen nivel infantil, primaria o educaci\u00f3n secundaria obligatoria y que hagan uso del comedor escolar en un centro educativo ubicado en la Comunidad de Madrid.<\/li><li>Encontrarse en situaci\u00f3n de desempleo, o ser trabajador por cuenta ajena con un salario bruto anual inferior o igual a 40.000 euros, o ser trabajador aut\u00f3nomo con ingresos brutos inferiores o iguales a 40.000 euros anuales.<\/li><li>Que se den de alta para su participaci\u00f3n en el Sorteo a trav\u00e9s del formulario que Fotocasa pone a su disposici\u00f3n en <a href=\"https:\/\/www.fotocasa.es\/proyecto-vivienda\/beca-comedor\/\">https:\/\/www.fotocasa.es\/proyecto-vivienda\/beca-comedor\/<\/a> facilitando de forma correcta los datos requeridos.<\/li><\/ol><p><b>5- Funcionamiento del Sorteo<\/b><\/p><p>El plazo de duraci\u00f3n del Sorteo es desde las 00:00h del 9 de octubre de 2023 hasta las 23:59h del 12 de noviembre de 2023 . El Sorteo se realizar\u00e1 entre todos los participantes que cumplan las condiciones de participaci\u00f3n el d\u00eda 13 de noviembre, escogi\u00e9ndose, de forma aleatoria a 30 ganadores y a 10 suplentes.<\/p><p>El sorteo para la elecci\u00f3n del ganador se realizar\u00e1 a trav\u00e9s de la aplicaci\u00f3n https:\/\/app-sorteos.com\/es con la presencia de un integrante del departamento de Marketing de Fotocasa.<\/p><p>Adevinta se pondr\u00e1 en contacto con el ganador a trav\u00e9s del correo electr\u00f3nico facilitado por el participante en el momento de darse de alta en el Sorteo, con el fin de gestionar la entrega del premio de acuerdo con las siguientes condiciones.<\/p><p>La comunicaci\u00f3n con la persona ganadora se har\u00e1 como m\u00e1ximo en el plazo de tres (3) d\u00edas naturales desde la fecha de celebraci\u00f3n del Sorteo.<\/p><p>Transcurridas 72 horas desde la puesta en contacto con la persona ganadora, y en caso de que no responda o no facilite los documentos acreditativos o si se verifica que los datos facilitados son falsos y\/o incorrectos, su participaci\u00f3n quedar\u00e1 descalificada y Adevinta proceder\u00e1 a contactar al primer usuario que figure en la lista de los 10 suplentes. En caso de que sucediera lo mismo con alguno de los suplentes, Adevinta ir\u00eda contactando con los siguientes de la lista hasta obtener respuesta o poder certificar la veracidad de los documentos o datos facilitados. En caso de que Adevinta no consiga contactar con ninguno de los 10 suplentes o no consiga certificar los datos o documentaciones de los mismos, transcurridos 30 d\u00edas, el premio se declarar\u00e1 desierto.<\/p><p>Una vez confirmados los ganadores, sus datos (nombre y apellidos) se har\u00e1n p\u00fablicos en: <a href=\"http:\/\/www.fotocasa.es\/proyecto-vivienda\">www.fotocasa.es\/proyecto-vivienda<\/a>.<\/p><p><b>6- Normas de participaci\u00f3n<\/b><\/p><p>La participaci\u00f3n en el presente Sorteo est\u00e1 sujeta al cumplimiento de las siguientes normas:<\/p><ul><li>Darse de alta en el Sorteo, facilitando datos ciertos y veraces. Cualquier falsedad detectada en los datos proporcionados por los participantes conllevar\u00e1 la exclusi\u00f3n de su participaci\u00f3n.<\/li><li>Adevinta se reserva el derecho a solicitar a los participantes que aporten la documentaci\u00f3n necesaria para acreditar la veracidad de sus datos. La falta de aportaci\u00f3n de dicha documentaci\u00f3n dar\u00e1 lugar a la imposibilidad de que podamos tramitar tu participaci\u00f3n en el sorteo. En concreto se va a requerir la aportaci\u00f3n de los siguientes documentos:<ul><li>DNI del participante.<\/li><li>DNI del hijo o los hijos a su cargo.<\/li><li>Libro de familia o t\u00edtulo de familia monoparental o certificados emitidos por la administraci\u00f3n encargada que acrediten la situaci\u00f3n de familia monoparental.<\/li><li>Certificado del centro educativo que acredite que el menor est\u00e1 escolarizado en dicho centro (ha de incluir: c\u00f3digo del centro, datos identificativos del menor, nombre del centro, localidad y tel\u00e9fono del centro y curso escolar).<\/li><li>Documento acreditativo de la inscripci\u00f3n del menor en el comedor escolar para el curso escolar 2023-2024 o cualquier recibo de su pago.<\/li><li>\u00daltima declaraci\u00f3n de la renta presentada o en su defecto, certificado de retenciones e ingresos a cuenta del IRPF o justificante de encontrarse en situaci\u00f3n de desempleo, o cualquier otro documento oficial que permita justificar que se cumple con el requisito del salario bruto anual.<\/li><\/ul><\/li><li>El mero hecho de participar en el Sorteo implica la aceptaci\u00f3n \u00edntegra de las bases de este; ante posibles dudas de interpretaci\u00f3n siempre prevalecer\u00e1 el criterio de Adevinta.<\/li><li>Quedan excluidos del sorteo todos los empleados de Adevinta y sus familiares directos.<\/li><li>Adevinta se reserva el derecho de modificar las bases del sorteo, parcial o totalmente en cualquier momento, sin previo aviso. As\u00ed mismo se reserva tambi\u00e9n el derecho a anularlo, a dejar los premios desiertos o revocarlos en caso de detectarse alguna irregularidad.<\/li><li>En caso de sufrir ataques inform\u00e1ticos que dificulten o impidan la correcta gesti\u00f3n del Sorteo, Adevinta se reserva el derecho de anular el Sorteo.<\/li><li>Las bases del presente sorteo est\u00e1n sujetas a la legislaci\u00f3n espa\u00f1ola y a la jurisdicci\u00f3n exclusiva de los tribunales de la ciudad de Barcelona.<\/li><\/ul><p><b>7- Datos personales<\/b><\/p><p><span style=\"font-weight: 400;\">Para informarte de c\u00f3mo trataremos tus datos puedes consultar nuestra Pol\u00edtica de Privacidad en: <\/span><a href=\"https:\/\/www.fotocasa.es\/proyecto-vivienda\/politica-privacidad\/\"><span style=\"font-weight: 400;\">https:\/\/www.fotocasa.es\/proyecto-vivienda\/politica-privacidad\/<\/span><\/a><\/p><p><b>8- Entrega del premio<\/b><\/p><p>Adevinta se encargar\u00e1 de entregar el premio por transferencia bancaria. El presente premio obtenido en la participaci\u00f3n del sorteo se considera una ganancia patrimonial tributable en el impuesto de la Renta de las personas f\u00edsicas y, como tal, el valor del premio obtenido debe incluirse en la base general del impuesto de la declaraci\u00f3n anual de la renta (art.101.7 LIRPF). Por ello, el Organizador proceder\u00e1 a practicar la retenci\u00f3n oportuna y a ingresar en la Hacienda P\u00fablica, por nombre y cuenta del ganador, las cantidades que correspondan en concepto de IRPF e IVA. En este sentido, una vez practicadas las retenciones oportunas, el valor neto del Premio ser\u00e1 de 400\u20ac. Para ello, se solicitar\u00e1 al ganador los siguientes datos para la entrega del premio: nombre y apellidos, DNI, domicilio y email.<\/p>\t\t\t\t\t\t\t\t<\/div>\n\t\t\t\t<\/div>\n\t\t\t\t<\/div>\n\t\t\t\t\t<\/div>\n\t\t\t\t<\/div>\n\t\t\t\t<\/div>\n\t\t","protected":false},"excerpt":{"rendered":"<p>Bases y condiciones legales para la participaci\u00f3n en el Sorteo de Ayuda de Becas Comedor para Familias Monoparentales del Proyecto Vivienda de Fotocasa 1- Datos identificativos del Organizador ADEVINTA SPAIN, S.L.U. (en adelante, \u201cAdevinta o el Organizador\u201d) con domicilio en Calle Hernani 59, plantas 1\u00aa, CP 28020, Madrid, Espa\u00f1a, con NIF: B-8411652. 2- Objetivo del [&hellip;]<\/p>\n","protected":false},"author":5,"featured_media":0,"parent":0,"menu_order":0,"comment_status":"closed","ping_status":"closed","template":"","meta":{"footnotes":""},"class_list":["post-30714","page","type-page","status-publish","hentry"],"yoast_head":"<!-- This site is optimized with the Yoast SEO plugin v27.5 - https:\/\/yoast.com\/product\/yoast-seo-wordpress\/ -->\n<title>Bases legales sorteo Ayuda Beca Comedor - Fotocasa: Proyecto Vivienda<\/title>\n<meta name=\"robots\" content=\"index, follow, max-snippet:-1, max-image-preview:large, max-video-preview:-1\" \/>\n<link rel=\"canonical\" href=\"https:\/\/www.fotocasa.es\/proyecto-vivienda\/bases-legales-sorteo-ayuda-beca-comedor\/\" \/>\n<meta property=\"og:locale\" content=\"es_ES\" \/>\n<meta property=\"og:type\" content=\"article\" \/>\n<meta property=\"og:title\" content=\"Bases legales sorteo Ayuda Beca Comedor - Fotocasa: Proyecto Vivienda\" \/>\n<meta property=\"og:description\" content=\"Bases y condiciones legales para la participaci\u00f3n en el Sorteo de Ayuda de Becas Comedor para Familias Monoparentales del Proyecto Vivienda de Fotocasa 1- Datos identificativos del Organizador ADEVINTA SPAIN, S.L.U. (en adelante, \u201cAdevinta o el Organizador\u201d) con domicilio en Calle Hernani 59, plantas 1\u00aa, CP 28020, Madrid, Espa\u00f1a, con NIF: B-8411652. 2- Objetivo del [&hellip;]\" \/>\n<meta property=\"og:url\" content=\"https:\/\/www.fotocasa.es\/proyecto-vivienda\/bases-legales-sorteo-ayuda-beca-comedor\/\" \/>\n<meta property=\"og:site_name\" content=\"Fotocasa: Proyecto Vivienda\" \/>\n<meta property=\"article:modified_time\" content=\"2023-10-05T14:12:44+00:00\" \/>\n<meta name=\"twitter:card\" content=\"summary_large_image\" \/>\n<meta name=\"twitter:label1\" content=\"Tiempo de lectura\" \/>\n\t<meta name=\"twitter:data1\" content=\"6 minutos\" \/>\n<script type=\"application\/ld+json\" class=\"yoast-schema-graph\">{\"@context\":\"https:\\\/\\\/schema.org\",\"@graph\":[{\"@type\":\"WebPage\",\"@id\":\"https:\\\/\\\/www.fotocasa.es\\\/proyecto-vivienda\\\/bases-legales-sorteo-ayuda-beca-comedor\\\/\",\"url\":\"https:\\\/\\\/www.fotocasa.es\\\/proyecto-vivienda\\\/bases-legales-sorteo-ayuda-beca-comedor\\\/\",\"name\":\"Bases legales sorteo Ayuda Beca Comedor - Fotocasa: Proyecto Vivienda\",\"isPartOf\":{\"@id\":\"https:\\\/\\\/www.fotocasa.es\\\/proyecto-vivienda\\\/#website\"},\"datePublished\":\"2023-10-04T14:38:12+00:00\",\"dateModified\":\"2023-10-05T14:12:44+00:00\",\"breadcrumb\":{\"@id\":\"https:\\\/\\\/www.fotocasa.es\\\/proyecto-vivienda\\\/bases-legales-sorteo-ayuda-beca-comedor\\\/#breadcrumb\"},\"inLanguage\":\"es\",\"potentialAction\":[{\"@type\":\"ReadAction\",\"target\":[\"https:\\\/\\\/www.fotocasa.es\\\/proyecto-vivienda\\\/bases-legales-sorteo-ayuda-beca-comedor\\\/\"]}]},{\"@type\":\"BreadcrumbList\",\"@id\":\"https:\\\/\\\/www.fotocasa.es\\\/proyecto-vivienda\\\/bases-legales-sorteo-ayuda-beca-comedor\\\/#breadcrumb\",\"itemListElement\":[{\"@type\":\"ListItem\",\"position\":1,\"name\":\"Home\",\"item\":\"https:\\\/\\\/www.fotocasa.es\\\/proyecto-vivienda\\\/\"},{\"@type\":\"ListItem\",\"position\":2,\"name\":\"Bases legales sorteo Ayuda Beca Comedor\"}]},{\"@type\":\"WebSite\",\"@id\":\"https:\\\/\\\/www.fotocasa.es\\\/proyecto-vivienda\\\/#website\",\"url\":\"https:\\\/\\\/www.fotocasa.es\\\/proyecto-vivienda\\\/\",\"name\":\"Fotocasa: Proyecto Vivienda\",\"description\":\"Una iniciativa para ayudar a los j\u00f3venes y otros colectivos con ayudas, herramientas e informaci\u00f3n para ayudar a acceder a la vivienda a quien m\u00e1s lo necesita.\",\"publisher\":{\"@id\":\"https:\\\/\\\/www.fotocasa.es\\\/proyecto-vivienda\\\/#organization\"},\"potentialAction\":[{\"@type\":\"SearchAction\",\"target\":{\"@type\":\"EntryPoint\",\"urlTemplate\":\"https:\\\/\\\/www.fotocasa.es\\\/proyecto-vivienda\\\/?s={search_term_string}\"},\"query-input\":{\"@type\":\"PropertyValueSpecification\",\"valueRequired\":true,\"valueName\":\"search_term_string\"}}],\"inLanguage\":\"es\"},{\"@type\":\"Organization\",\"@id\":\"https:\\\/\\\/www.fotocasa.es\\\/proyecto-vivienda\\\/#organization\",\"name\":\"Fotocasa: Proyecto Vivienda\",\"url\":\"https:\\\/\\\/www.fotocasa.es\\\/proyecto-vivienda\\\/\",\"logo\":{\"@type\":\"ImageObject\",\"inLanguage\":\"es\",\"@id\":\"https:\\\/\\\/www.fotocasa.es\\\/proyecto-vivienda\\\/#\\\/schema\\\/logo\\\/image\\\/\",\"url\":\"https:\\\/\\\/www.fotocasa.es\\\/proyecto-vivienda\\\/wp-content\\\/uploads\\\/2022\\\/07\\\/logo-baja-1.png\",\"contentUrl\":\"https:\\\/\\\/www.fotocasa.es\\\/proyecto-vivienda\\\/wp-content\\\/uploads\\\/2022\\\/07\\\/logo-baja-1.png\",\"width\":500,\"height\":250,\"caption\":\"Fotocasa: Proyecto Vivienda\"},\"image\":{\"@id\":\"https:\\\/\\\/www.fotocasa.es\\\/proyecto-vivienda\\\/#\\\/schema\\\/logo\\\/image\\\/\"}}]}<\/script>\n<!-- \/ Yoast SEO plugin. -->","yoast_head_json":{"title":"Bases legales sorteo Ayuda Beca Comedor - Fotocasa: Proyecto Vivienda","robots":{"index":"index","follow":"follow","max-snippet":"max-snippet:-1","max-image-preview":"max-image-preview:large","max-video-preview":"max-video-preview:-1"},"canonical":"https:\/\/www.fotocasa.es\/proyecto-vivienda\/bases-legales-sorteo-ayuda-beca-comedor\/","og_locale":"es_ES","og_type":"article","og_title":"Bases legales sorteo Ayuda Beca Comedor - Fotocasa: Proyecto Vivienda","og_description":"Bases y condiciones legales para la participaci\u00f3n en el Sorteo de Ayuda de Becas Comedor para Familias Monoparentales del Proyecto Vivienda de Fotocasa 1- Datos identificativos del Organizador ADEVINTA SPAIN, S.L.U. (en adelante, \u201cAdevinta o el Organizador\u201d) con domicilio en Calle Hernani 59, plantas 1\u00aa, CP 28020, Madrid, Espa\u00f1a, con NIF: B-8411652. 2- Objetivo del [&hellip;]","og_url":"https:\/\/www.fotocasa.es\/proyecto-vivienda\/bases-legales-sorteo-ayuda-beca-comedor\/","og_site_name":"Fotocasa: Proyecto Vivienda","article_modified_time":"2023-10-05T14:12:44+00:00","twitter_card":"summary_large_image","twitter_misc":{"Tiempo de lectura":"6 minutos"},"schema":{"@context":"https:\/\/schema.org","@graph":[{"@type":"WebPage","@id":"https:\/\/www.fotocasa.es\/proyecto-vivienda\/bases-legales-sorteo-ayuda-beca-comedor\/","url":"https:\/\/www.fotocasa.es\/proyecto-vivienda\/bases-legales-sorteo-ayuda-beca-comedor\/","name":"Bases legales sorteo Ayuda Beca Comedor - Fotocasa: Proyecto Vivienda","isPartOf":{"@id":"https:\/\/www.fotocasa.es\/proyecto-vivienda\/#website"},"datePublished":"2023-10-04T14:38:12+00:00","dateModified":"2023-10-05T14:12:44+00:00","breadcrumb":{"@id":"https:\/\/www.fotocasa.es\/proyecto-vivienda\/bases-legales-sorteo-ayuda-beca-comedor\/#breadcrumb"},"inLanguage":"es","potentialAction":[{"@type":"ReadAction","target":["https:\/\/www.fotocasa.es\/proyecto-vivienda\/bases-legales-sorteo-ayuda-beca-comedor\/"]}]},{"@type":"BreadcrumbList","@id":"https:\/\/www.fotocasa.es\/proyecto-vivienda\/bases-legales-sorteo-ayuda-beca-comedor\/#breadcrumb","itemListElement":[{"@type":"ListItem","position":1,"name":"Home","item":"https:\/\/www.fotocasa.es\/proyecto-vivienda\/"},{"@type":"ListItem","position":2,"name":"Bases legales sorteo Ayuda Beca Comedor"}]},{"@type":"WebSite","@id":"https:\/\/www.fotocasa.es\/proyecto-vivienda\/#website","url":"https:\/\/www.fotocasa.es\/proyecto-vivienda\/","name":"Fotocasa: Proyecto Vivienda","description":"Una iniciativa para ayudar a los j\u00f3venes y otros colectivos con ayudas, herramientas e informaci\u00f3n para ayudar a acceder a la vivienda a quien m\u00e1s lo necesita.","publisher":{"@id":"https:\/\/www.fotocasa.es\/proyecto-vivienda\/#organization"},"potentialAction":[{"@type":"SearchAction","target":{"@type":"EntryPoint","urlTemplate":"https:\/\/www.fotocasa.es\/proyecto-vivienda\/?s={search_term_string}"},"query-input":{"@type":"PropertyValueSpecification","valueRequired":true,"valueName":"search_term_string"}}],"inLanguage":"es"},{"@type":"Organization","@id":"https:\/\/www.fotocasa.es\/proyecto-vivienda\/#organization","name":"Fotocasa: Proyecto Vivienda","url":"https:\/\/www.fotocasa.es\/proyecto-vivienda\/","logo":{"@type":"ImageObject","inLanguage":"es","@id":"https:\/\/www.fotocasa.es\/proyecto-vivienda\/#\/schema\/logo\/image\/","url":"https:\/\/www.fotocasa.es\/proyecto-vivienda\/wp-content\/uploads\/2022\/07\/logo-baja-1.png","contentUrl":"https:\/\/www.fotocasa.es\/proyecto-vivienda\/wp-content\/uploads\/2022\/07\/logo-baja-1.png","width":500,"height":250,"caption":"Fotocasa: Proyecto Vivienda"},"image":{"@id":"https:\/\/www.fotocasa.es\/proyecto-vivienda\/#\/schema\/logo\/image\/"}}]}},"_links":{"self":[{"href":"https:\/\/www.fotocasa.es\/proyecto-vivienda\/wp-json\/wp\/v2\/pages\/30714","targetHints":{"allow":["GET"]}}],"collection":[{"href":"https:\/\/www.fotocasa.es\/proyecto-vivienda\/wp-json\/wp\/v2\/pages"}],"about":[{"href":"https:\/\/www.fotocasa.es\/proyecto-vivienda\/wp-json\/wp\/v2\/types\/page"}],"author":[{"embeddable":true,"href":"https:\/\/www.fotocasa.es\/proyecto-vivienda\/wp-json\/wp\/v2\/users\/5"}],"replies":[{"embeddable":true,"href":"https:\/\/www.fotocasa.es\/proyecto-vivienda\/wp-json\/wp\/v2\/comments?post=30714"}],"version-history":[{"count":0,"href":"https:\/\/www.fotocasa.es\/proyecto-vivienda\/wp-json\/wp\/v2\/pages\/30714\/revisions"}],"wp:attachment":[{"href":"https:\/\/www.fotocasa.es\/proyecto-vivienda\/wp-json\/wp\/v2\/media?parent=30714"}],"curies":[{"name":"wp","href":"https:\/\/api.w.org\/{rel}","templated":true}]}}