{"id":28143,"date":"2022-12-12T10:11:13","date_gmt":"2022-12-12T10:11:13","guid":{"rendered":"https:\/\/www.fotocasa.es\/proyecto-vivienda\/?page_id=28143"},"modified":"2024-10-16T14:29:50","modified_gmt":"2024-10-16T14:29:50","slug":"politica-de-privacidad-proyecto-vivienda","status":"publish","type":"page","link":"https:\/\/www.fotocasa.es\/proyecto-vivienda\/politica-de-privacidad-proyecto-vivienda\/","title":{"rendered":"Pol\u00edtica de Protecci\u00f3n de Datos"},"content":{"rendered":"\t\t<div data-elementor-type=\"wp-page\" data-elementor-id=\"28143\" class=\"elementor elementor-28143\" data-elementor-post-type=\"page\">\n\t\t\t\t<div class=\"elementor-element elementor-element-d1cbd64 promo-vaciada e-flex e-con-boxed e-con e-parent\" data-id=\"d1cbd64\" data-element_type=\"container\" data-e-type=\"container\" data-settings=\"{&quot;background_background&quot;:&quot;classic&quot;,&quot;animation&quot;:&quot;none&quot;,&quot;animation_mobile&quot;:&quot;none&quot;}\">\n\t\t\t\t\t<div class=\"e-con-inner\">\n\t\t<div class=\"elementor-element elementor-element-92f32d9 e-con-full animated-slow e-flex e-con e-child\" data-id=\"92f32d9\" data-element_type=\"container\" data-e-type=\"container\" data-settings=\"{&quot;animation&quot;:&quot;none&quot;}\">\n\t\t\t\t<div class=\"elementor-element elementor-element-0416720 elementor-widget elementor-widget-text-editor\" data-id=\"0416720\" data-element_type=\"widget\" data-e-type=\"widget\" data-widget_type=\"text-editor.default\">\n\t\t\t\t<div class=\"elementor-widget-container\">\n\t\t\t\t\t\t\t\t\t<h4><a style=\"color:#303ab2;\" href=\"#aviso-legal-vigente-hasta-noviembre-2024\">POL\u00cdTICA DE PRIVACIDAD VIGENTE HASTA NOVIEMBRE 2024<\/a><\/h4>\n<h4><a style=\"color:#303ab2;\" href=\"#nuevo-aviso-legal-vigente-a-partir-de-noviembre-2024\">POL\u00cdTICA DE PRIVACIDAD VIGENTE A PARTIR DE NOVIEMBRE 2024<\/a><\/h4>\t\t\t\t\t\t\t\t<\/div>\n\t\t\t\t<\/div>\n\t\t\t\t<\/div>\n\t\t\t\t\t<\/div>\n\t\t\t\t<\/div>\n\t\t<div class=\"elementor-element elementor-element-d6c6d01 promo-vaciada e-flex e-con-boxed e-con e-parent\" data-id=\"d6c6d01\" data-element_type=\"container\" data-e-type=\"container\" data-settings=\"{&quot;background_background&quot;:&quot;classic&quot;,&quot;animation&quot;:&quot;none&quot;,&quot;animation_mobile&quot;:&quot;none&quot;}\">\n\t\t\t\t\t<div class=\"e-con-inner\">\n\t\t<div class=\"elementor-element elementor-element-8fae3a2 e-con-full animated-slow e-flex e-con e-child\" data-id=\"8fae3a2\" data-element_type=\"container\" data-e-type=\"container\" data-settings=\"{&quot;animation&quot;:&quot;none&quot;}\">\n\t\t\t\t<div class=\"elementor-element elementor-element-603b1c7 elementor-widget elementor-widget-heading\" data-id=\"603b1c7\" data-element_type=\"widget\" data-e-type=\"widget\" id=\"aviso-legal-vigente-hasta-noviembre-2024\" data-widget_type=\"heading.default\">\n\t\t\t\t<div class=\"elementor-widget-container\">\n\t\t\t\t\t<h2 class=\"elementor-heading-title elementor-size-default\">Pol\u00edtica de privacidad vigente hasta Noviembre 2024\nPol\u00edtica de Protecci\u00f3n de Datos<\/h2>\t\t\t\t<\/div>\n\t\t\t\t<\/div>\n\t\t\t\t<div class=\"elementor-element elementor-element-d88b146 elementor-widget elementor-widget-text-editor\" data-id=\"d88b146\" data-element_type=\"widget\" data-e-type=\"widget\" data-widget_type=\"text-editor.default\">\n\t\t\t\t<div class=\"elementor-widget-container\">\n\t\t\t\t\t\t\t\t\t<p>1.<strong> RESPONSABLE<\/strong><\/p>\n<p><strong>&nbsp;<\/strong><\/p>\n<p>\u00bfQui\u00e9n es el Responsable del tratamiento de tus datos?<br>Identidad: ADEVINTA SPAIN, S.L.U. (en adelante, Adevinta Spain) <br>Direcci\u00f3n postal: Calle Hernani 59, 28020, Madrid <br>Tel\u00e9fono: 93 576 55 00<\/p>\n<p>Contacto: Env\u00edanos tu consulta al correo electr\u00f3nico del Delegado Protecci\u00f3n de Datos: privacidad.fotocasa@fotocasa.es<\/p>\n<p><br><\/p>\n<p><\/p>\n<p><strong>2. FINALIDADES<\/strong><\/p>\n<p><strong><br><\/strong><\/p>\n<p><\/p>\n<p><i>\u00bfCon qu\u00e9 finalidad tratamos tus datos personales?<\/i><\/p><p><i><br><\/i><\/p>\n<p>La finalidad del tratamiento de los datos es tramitar tu participaci\u00f3n en el sorteo -o sorteos- de Fotocasa organizado por Adevinta Spain, enviarte comunicaciones electr\u00f3nicas relacionadas con dicha participaci\u00f3n y, en su caso, proceder a la entrega del premio, con las retenciones fiscales que resultasen procedentes, as\u00ed como publicar el nombre, imagen del ganador en medios digitales y en los portales web titularidad de Adevinta Spain.<\/p>\n<p><br><\/p>\n<p><b>3. LEGITIMACI\u00d3N<\/b><\/p>\n<p><br><\/p>\n<p><i>\u00bfCu\u00e1l es la legitimaci\u00f3n para el tratamiento de tus datos?<\/i><\/p><p><br>La base legal correspondiente a las finalidades indicadas en el apartado anterior radica en tu consentimiento.<br>En caso de que para la comprobaci\u00f3n de los datos se requiera el tratamiento de datos de menores de edad, se solicitar\u00e1 el consentimiento de sus padres\/madres\/tutores legales, en cumplimiento de las obligaciones legales existentes.<\/p>\n<p><br><\/p>\n<p><b>4. PLAZO DE CONSERVACI\u00d3N DE LOS DATOS<\/b><\/p>\n<p><br><i>\u00bfPor cu\u00e1nto tiempo conservaremos tus datos?<\/i><\/p><p><br>Los datos se conservar\u00e1n hasta la efectiva finalizaci\u00f3n del sorteo, y en todo caso, hasta el completo cumplimiento de nuestras obligaciones legales y tributarias, transcurrido este periodo los datos ser\u00e1n eliminados.<\/p>\n<p><br><b>5. DESTINATARIOS<\/b><\/p>\n<p><br><i>\u00bfA qu\u00e9 destinatarios se comunicar\u00e1n tus datos?<\/i><\/p>\n<p><br>Tus datos personales ser\u00e1n comunicados a terceros en los siguientes supuestos: Tus datos podr\u00e1n ser accedidos por aquellos proveedores que prestan servicios a Adevinta Spain, tales como servicios de alojamiento de contenido, de mensajer\u00eda instant\u00e1nea, de env\u00edo de notificaciones, servicios publicitarios, etc.<\/p>\n<p><br>Adevinta Spain ha suscrito los correspondientes contratos de encargo de tratamiento con cada uno de los proveedores que prestan servicios a Adevinta Spain con el objetivo de garantizar que dichos proveedores tratar\u00e1n tus datos de conformidad con lo establecido en la legislaci\u00f3n vigente.<\/p>\n<p><br>Tus datos podr\u00e1n compartirse con aquellos terceros que resulte necesario para la organizaci\u00f3n y gesti\u00f3n del sorteo, as\u00ed como terceras entidades contratadas para la gesti\u00f3n del premio, as\u00ed como con autoridades administrativas y judiciales en cumplimiento de obligaciones legales.<\/p>\n<p><br><b>6. DERECHOS<\/b><\/p>\n<p><br><i>\u00bfCu\u00e1les son tus derechos cuando nos facilitas tus datos y c\u00f3mo puedes ejercerlos?<\/i><\/p>\n<p><br>Tienes derecho a obtener confirmaci\u00f3n sobre si en Adevinta Spain estamos tratando datos personales que te conciernan, o no. Asimismo, tienes derecho a acceder a tus datos personales, as\u00ed como a solicitar la rectificaci\u00f3n de los datos inexactos o, en su caso, solicitar su supresi\u00f3n cuando, entre otros motivos, los datos ya no sean necesarios para los fines que fueron recogidos.<\/p>\n<p><br>En determinadas circunstancias, podr\u00e1s solicitar la limitaci\u00f3n del tratamiento de tus datos, en cuyo caso \u00fanicamente los conservaremos para el ejercicio o la defensa de reclamaciones. En determinadas circunstancias y por motivos relacionados con tu situaci\u00f3n particular, podr\u00e1s oponerte al tratamiento de tus datos. Adevinta Spain dejar\u00e1 de tratar los datos, salvo por motivos leg\u00edtimos imperiosos, o el ejercicio o la defensa de posibles reclamaciones. Asimismo, puedes ejercer el derecho a la portabilidad de los datos, as\u00ed como retirar los consentimientos facilitados en cualquier momento, sin que ello afecte a la licitud del tratamiento basado en el consentimiento previo a su retirada.<\/p>\n<p>&nbsp; <br>Si deseas hacer uso de cualquiera de tus derechos puedes dirigirte a nosotros a trav\u00e9s de&nbsp;<span style=\"color: var( --e-global-color-text ); text-align: var(--text-align);\">privacidad.fotocasa@fotocasa.es. Alternativamente, tambi\u00e9n puedes dirigirte a nosotros mediante correo postal en la siguiente direcci\u00f3n: Adevinta Spain, en C\/ Hernani, 59, 1\u00aa planta, 28020 Madrid, Espa\u00f1a. Dirigido a Atenci\u00f3n al Usuario e indicando en el sobre \u201cProtecci\u00f3n de Datos\u201d. Recuerda facilitar la mayor informaci\u00f3n posible sobre tu solicitud: Nombre y apellidos, direcci\u00f3n de correo electr\u00f3nico que utilizas para la cuenta o portal objeto de tu solicitud.<\/span><\/p>\n<p><span style=\"color: var( --e-global-color-text ); text-align: var(--text-align);\"><br><\/span><\/p>\n<p>Por \u00faltimo, indicar que puedes dirigirte ante la Agencia Espa\u00f1ola de Protecci\u00f3n de Datos y dem\u00e1s organismos p\u00fablicos competentes para cualquier reclamaci\u00f3n derivada del tratamiento de sus datos personales.<\/p>\n<p><br>En cualquier caso, si quisieras disponer de mayor informaci\u00f3n sobre la pol\u00edtica general de tratamiento de datos personales de Fotocasa, en este sitio web: https:\/\/www.fotocasa.es\/es\/politica-privacidad\/p, encontrar\u00e1s m\u00e1s informaci\u00f3n.<\/p>\n<p><br><\/p>\n<p><i>\u00daltima actualizaci\u00f3n: noviembre de 2022<\/i><\/p>\t\t\t\t\t\t\t\t<\/div>\n\t\t\t\t<\/div>\n\t\t\t\t<\/div>\n\t\t\t\t\t<\/div>\n\t\t\t\t<\/div>\n\t\t<div class=\"elementor-element elementor-element-dcbb1cd promo-vaciada e-flex e-con-boxed e-con e-parent\" data-id=\"dcbb1cd\" data-element_type=\"container\" data-e-type=\"container\" id=\"nuevo-aviso-legal-vigente-a-partir-de-noviembre-2024\" data-settings=\"{&quot;background_background&quot;:&quot;classic&quot;,&quot;animation&quot;:&quot;none&quot;,&quot;animation_mobile&quot;:&quot;none&quot;}\">\n\t\t\t\t\t<div class=\"e-con-inner\">\n\t\t<div class=\"elementor-element elementor-element-de2c002 e-con-full animated-slow e-flex e-con e-child\" data-id=\"de2c002\" data-element_type=\"container\" data-e-type=\"container\" data-settings=\"{&quot;animation&quot;:&quot;none&quot;}\">\n\t\t\t\t<div class=\"elementor-element elementor-element-7f3136f elementor-widget elementor-widget-heading\" data-id=\"7f3136f\" data-element_type=\"widget\" data-e-type=\"widget\" data-widget_type=\"heading.default\">\n\t\t\t\t<div class=\"elementor-widget-container\">\n\t\t\t\t\t<h2 class=\"elementor-heading-title elementor-size-default\">Pol\u00edtica de privacidad vigente a partir de Noviembre 2024\nPol\u00edtica de Protecci\u00f3n de Datos\n\n<\/h2>\t\t\t\t<\/div>\n\t\t\t\t<\/div>\n\t\t\t\t<div class=\"elementor-element elementor-element-8c66265 elementor-widget elementor-widget-text-editor\" data-id=\"8c66265\" data-element_type=\"widget\" data-e-type=\"widget\" data-widget_type=\"text-editor.default\">\n\t\t\t\t<div class=\"elementor-widget-container\">\n\t\t\t\t\t\t\t\t\t<p>1. <strong>RESPONSABLE<\/strong><br \/>\u00bfQui\u00e9n es el Responsable del tratamiento de tus datos?<br \/>Identidad: ADEVINTA REAL ESTATE S.L.U. (en adelante, Adevinta RE)<br \/>Direcci\u00f3n postal: Calle Hernani 59, 28020, Madrid<br \/>Tel\u00e9fono: 93 576 55 00<br \/>NIF: B-70677125<br \/>Contacto: ayuda@fotocasa.pro<br \/>Contacto Delegado Protecci\u00f3n de Datos: privacidad.fotocasa@fotocasa.es<br \/><br \/>2. <strong>FINALIDADES<\/strong><br \/>\u00bfCon qu\u00e9 finalidad tratamos tus datos personales?<br \/>La finalidad del tratamiento de los datos es tramitar tu participaci\u00f3n en el sorteo de Fotocasa organizado por Adevinta RE, enviarte comunicaciones electr\u00f3nicas relacionadas con dicha participaci\u00f3n y, en su caso, proceder a la entrega del premio, con las retenciones fiscales que resultasen procedentes, as\u00ed como publicar el nombre, imagen del ganador en medios digitales y en los portales web titularidad de Adevinta RE.<br \/><br \/>3. <strong>LEGITIMACI\u00d3N<\/strong><br \/>\u00bfCu\u00e1l es la legitimaci\u00f3n para el tratamiento de tus datos?<br \/>La base legal correspondiente a las finalidades indicadas en el apartado anterior radica en tu consentimiento.<br \/>En caso de que para la comprobaci\u00f3n datos se requiera el tratamiento de datos de menores de edad, se solicitar\u00e1 el consentimiento de sus padres\/madres\/tutores legales, en cumplimiento de las obligaciones legales existentes.<br \/><br \/>4. <strong>PLAZO DE CONSERVACI\u00d3N DE LOS DATOS<\/strong><br \/>\u00bfPor cu\u00e1nto tiempo conservaremos tus datos?<br \/>Los datos se conservar\u00e1n hasta la efectiva finalizaci\u00f3n del sorteo, y en todo caso, hasta el completo cumplimiento de nuestras obligaciones legales y tributarias, transcurrido este periodo los datos ser\u00e1n eliminados.<br \/><br \/>5. <strong>DESTINATARIOS<\/strong><br \/>\u00bfA qu\u00e9 destinatarios se comunicar\u00e1n tus datos?<br \/>Tus datos personales ser\u00e1n comunicados a terceros en los siguientes supuestos: Tus datos podr\u00e1n ser accedidos por aquellos proveedores que prestan servicios a Adevinta RE, tales como servicios de alojamiento de contenido, de mensajer\u00eda instant\u00e1nea, de env\u00edo de notificaciones, servicios publicitarios, etc.<br \/>Adevinta RE ha suscrito los correspondientes contratos de encargo de tratamiento con cada uno de los proveedores que prestan servicios a Adevinta RE con el objetivo de garantizar que dichos proveedores tratar\u00e1n tus datos de conformidad con lo establecido en la legislaci\u00f3n vigente.<br \/>Tus datos podr\u00e1n compartirse con aquellos terceros que resulte necesario para la organizaci\u00f3n y gesti\u00f3n del sorteo, as\u00ed como terceras entidades contratadas para la gesti\u00f3n del premio, AEAT, as\u00ed como con autoridades administrativas y judiciales en cumplimiento de obligaciones legales.<br \/><br \/>6. <strong>DERECHOS<\/strong><br \/>\u00bfCu\u00e1les son tus derechos cuando nos facilitas tus datos y c\u00f3mo puedes ejercerlos?<br \/>Tienes derecho a obtener confirmaci\u00f3n sobre si en Adevinta RE estamos tratando datos personales que te conciernan, o no. Asimismo, tienes derecho a acceder a tus datos personales, as\u00ed como a solicitar la rectificaci\u00f3n de los datos inexactos o, en su caso, solicitar su supresi\u00f3n cuando, entre otros motivos, los datos ya no sean necesarios para los fines que fueron recogidos.<br \/>En determinadas circunstancias, podr\u00e1s solicitar la limitaci\u00f3n del tratamiento de tus datos, en cuyo caso \u00fanicamente los conservaremos para el ejercicio o la defensa de reclamaciones. En determinadas circunstancias y por motivos relacionados con tu situaci\u00f3n particular, podr\u00e1s oponerte al tratamiento de tus datos. Adevinta RE dejar\u00e1 de tratar los datos, salvo por motivos leg\u00edtimos imperiosos, o el ejercicio o la defensa de posibles reclamaciones. Asimismo, puedes ejercer el derecho a la portabilidad de los datos, as\u00ed como retirar los consentimientos facilitados en cualquier momento, sin que ello afecte a la licitud del tratamiento basado en el consentimiento previo a su retirada.<br \/>Si deseas hacer uso de cualquiera de tus derechos puedes dirigirte a nosotros a trav\u00e9s de privacidad.fotocasa@fotocasa.es. Alternativamente, tambi\u00e9n puedes dirigirte a nosotros mediante correo postal en la siguiente direcci\u00f3n: Adevinta RE, en C\/ Hernani, 59, 1\u00aa planta, 28020 Madrid, Espa\u00f1a. Dirigido a Atenci\u00f3n al Usuario e indicando en el sobre \u201cProtecci\u00f3n de Datos\u201d. Recuerda facilitar la mayor informaci\u00f3n posible sobre tu solicitud: Nombre y apellidos, direcci\u00f3n de correo electr\u00f3nico que utilizas para la cuenta o portal objeto de tu solicitud.<br \/>Por \u00faltimo, indicar que puedes dirigirte ante la Agencia Espa\u00f1ola de Protecci\u00f3n de Datos y dem\u00e1s organismos p\u00fablicos competentes para cualquier reclamaci\u00f3n derivada del tratamiento de sus datos personales.<\/p>\t\t\t\t\t\t\t\t<\/div>\n\t\t\t\t<\/div>\n\t\t\t\t<\/div>\n\t\t\t\t\t<\/div>\n\t\t\t\t<\/div>\n\t\t\t\t<\/div>\n\t\t","protected":false},"excerpt":{"rendered":"<p>POL\u00cdTICA DE PRIVACIDAD VIGENTE HASTA NOVIEMBRE 2024 POL\u00cdTICA DE PRIVACIDAD VIGENTE A PARTIR DE NOVIEMBRE 2024 Pol\u00edtica de privacidad vigente hasta Noviembre 2024 Pol\u00edtica de Protecci\u00f3n de Datos 1. RESPONSABLE &nbsp; \u00bfQui\u00e9n es el Responsable del tratamiento de tus datos?Identidad: ADEVINTA SPAIN, S.L.U. (en adelante, Adevinta Spain) Direcci\u00f3n postal: Calle Hernani 59, 28020, Madrid Tel\u00e9fono: [&hellip;]<\/p>\n","protected":false},"author":5,"featured_media":0,"parent":0,"menu_order":0,"comment_status":"closed","ping_status":"closed","template":"","meta":{"footnotes":""},"class_list":["post-28143","page","type-page","status-publish","hentry"],"yoast_head":"<!-- This site is optimized with the Yoast SEO plugin v27.5 - https:\/\/yoast.com\/product\/yoast-seo-wordpress\/ -->\n<title>Pol\u00edtica de Protecci\u00f3n de Datos - Fotocasa: Proyecto Vivienda<\/title>\n<meta name=\"robots\" content=\"index, follow, max-snippet:-1, max-image-preview:large, max-video-preview:-1\" \/>\n<link rel=\"canonical\" href=\"https:\/\/www.fotocasa.es\/proyecto-vivienda\/politica-de-privacidad-proyecto-vivienda\/\" \/>\n<meta property=\"og:locale\" content=\"es_ES\" \/>\n<meta property=\"og:type\" content=\"article\" \/>\n<meta property=\"og:title\" content=\"Pol\u00edtica de Protecci\u00f3n de Datos - Fotocasa: Proyecto Vivienda\" \/>\n<meta property=\"og:description\" content=\"POL\u00cdTICA DE PRIVACIDAD VIGENTE HASTA NOVIEMBRE 2024 POL\u00cdTICA DE PRIVACIDAD VIGENTE A PARTIR DE NOVIEMBRE 2024 Pol\u00edtica de privacidad vigente hasta Noviembre 2024 Pol\u00edtica de Protecci\u00f3n de Datos 1. RESPONSABLE &nbsp; \u00bfQui\u00e9n es el Responsable del tratamiento de tus datos?Identidad: ADEVINTA SPAIN, S.L.U. (en adelante, Adevinta Spain) Direcci\u00f3n postal: Calle Hernani 59, 28020, Madrid Tel\u00e9fono: [&hellip;]\" \/>\n<meta property=\"og:url\" content=\"https:\/\/www.fotocasa.es\/proyecto-vivienda\/politica-de-privacidad-proyecto-vivienda\/\" \/>\n<meta property=\"og:site_name\" content=\"Fotocasa: Proyecto Vivienda\" \/>\n<meta property=\"article:modified_time\" content=\"2024-10-16T14:29:50+00:00\" \/>\n<meta name=\"twitter:card\" content=\"summary_large_image\" \/>\n<meta name=\"twitter:label1\" content=\"Tiempo de lectura\" \/>\n\t<meta name=\"twitter:data1\" content=\"7 minutos\" \/>\n<script type=\"application\/ld+json\" class=\"yoast-schema-graph\">{\"@context\":\"https:\\\/\\\/schema.org\",\"@graph\":[{\"@type\":\"WebPage\",\"@id\":\"https:\\\/\\\/www.fotocasa.es\\\/proyecto-vivienda\\\/politica-de-privacidad-proyecto-vivienda\\\/\",\"url\":\"https:\\\/\\\/www.fotocasa.es\\\/proyecto-vivienda\\\/politica-de-privacidad-proyecto-vivienda\\\/\",\"name\":\"Pol\u00edtica de Protecci\u00f3n de Datos - Fotocasa: Proyecto Vivienda\",\"isPartOf\":{\"@id\":\"https:\\\/\\\/www.fotocasa.es\\\/proyecto-vivienda\\\/#website\"},\"datePublished\":\"2022-12-12T10:11:13+00:00\",\"dateModified\":\"2024-10-16T14:29:50+00:00\",\"breadcrumb\":{\"@id\":\"https:\\\/\\\/www.fotocasa.es\\\/proyecto-vivienda\\\/politica-de-privacidad-proyecto-vivienda\\\/#breadcrumb\"},\"inLanguage\":\"es\",\"potentialAction\":[{\"@type\":\"ReadAction\",\"target\":[\"https:\\\/\\\/www.fotocasa.es\\\/proyecto-vivienda\\\/politica-de-privacidad-proyecto-vivienda\\\/\"]}]},{\"@type\":\"BreadcrumbList\",\"@id\":\"https:\\\/\\\/www.fotocasa.es\\\/proyecto-vivienda\\\/politica-de-privacidad-proyecto-vivienda\\\/#breadcrumb\",\"itemListElement\":[{\"@type\":\"ListItem\",\"position\":1,\"name\":\"Home\",\"item\":\"https:\\\/\\\/www.fotocasa.es\\\/proyecto-vivienda\\\/\"},{\"@type\":\"ListItem\",\"position\":2,\"name\":\"Pol\u00edtica de Protecci\u00f3n de Datos\"}]},{\"@type\":\"WebSite\",\"@id\":\"https:\\\/\\\/www.fotocasa.es\\\/proyecto-vivienda\\\/#website\",\"url\":\"https:\\\/\\\/www.fotocasa.es\\\/proyecto-vivienda\\\/\",\"name\":\"Fotocasa: Proyecto Vivienda\",\"description\":\"Una iniciativa para ayudar a los j\u00f3venes y otros colectivos con ayudas, herramientas e informaci\u00f3n para ayudar a acceder a la vivienda a quien m\u00e1s lo necesita.\",\"publisher\":{\"@id\":\"https:\\\/\\\/www.fotocasa.es\\\/proyecto-vivienda\\\/#organization\"},\"potentialAction\":[{\"@type\":\"SearchAction\",\"target\":{\"@type\":\"EntryPoint\",\"urlTemplate\":\"https:\\\/\\\/www.fotocasa.es\\\/proyecto-vivienda\\\/?s={search_term_string}\"},\"query-input\":{\"@type\":\"PropertyValueSpecification\",\"valueRequired\":true,\"valueName\":\"search_term_string\"}}],\"inLanguage\":\"es\"},{\"@type\":\"Organization\",\"@id\":\"https:\\\/\\\/www.fotocasa.es\\\/proyecto-vivienda\\\/#organization\",\"name\":\"Fotocasa: Proyecto Vivienda\",\"url\":\"https:\\\/\\\/www.fotocasa.es\\\/proyecto-vivienda\\\/\",\"logo\":{\"@type\":\"ImageObject\",\"inLanguage\":\"es\",\"@id\":\"https:\\\/\\\/www.fotocasa.es\\\/proyecto-vivienda\\\/#\\\/schema\\\/logo\\\/image\\\/\",\"url\":\"https:\\\/\\\/www.fotocasa.es\\\/proyecto-vivienda\\\/wp-content\\\/uploads\\\/2022\\\/07\\\/logo-baja-1.png\",\"contentUrl\":\"https:\\\/\\\/www.fotocasa.es\\\/proyecto-vivienda\\\/wp-content\\\/uploads\\\/2022\\\/07\\\/logo-baja-1.png\",\"width\":500,\"height\":250,\"caption\":\"Fotocasa: Proyecto Vivienda\"},\"image\":{\"@id\":\"https:\\\/\\\/www.fotocasa.es\\\/proyecto-vivienda\\\/#\\\/schema\\\/logo\\\/image\\\/\"}}]}<\/script>\n<!-- \/ Yoast SEO plugin. -->","yoast_head_json":{"title":"Pol\u00edtica de Protecci\u00f3n de Datos - Fotocasa: Proyecto Vivienda","robots":{"index":"index","follow":"follow","max-snippet":"max-snippet:-1","max-image-preview":"max-image-preview:large","max-video-preview":"max-video-preview:-1"},"canonical":"https:\/\/www.fotocasa.es\/proyecto-vivienda\/politica-de-privacidad-proyecto-vivienda\/","og_locale":"es_ES","og_type":"article","og_title":"Pol\u00edtica de Protecci\u00f3n de Datos - Fotocasa: Proyecto Vivienda","og_description":"POL\u00cdTICA DE PRIVACIDAD VIGENTE HASTA NOVIEMBRE 2024 POL\u00cdTICA DE PRIVACIDAD VIGENTE A PARTIR DE NOVIEMBRE 2024 Pol\u00edtica de privacidad vigente hasta Noviembre 2024 Pol\u00edtica de Protecci\u00f3n de Datos 1. RESPONSABLE &nbsp; \u00bfQui\u00e9n es el Responsable del tratamiento de tus datos?Identidad: ADEVINTA SPAIN, S.L.U. (en adelante, Adevinta Spain) Direcci\u00f3n postal: Calle Hernani 59, 28020, Madrid Tel\u00e9fono: [&hellip;]","og_url":"https:\/\/www.fotocasa.es\/proyecto-vivienda\/politica-de-privacidad-proyecto-vivienda\/","og_site_name":"Fotocasa: Proyecto Vivienda","article_modified_time":"2024-10-16T14:29:50+00:00","twitter_card":"summary_large_image","twitter_misc":{"Tiempo de lectura":"7 minutos"},"schema":{"@context":"https:\/\/schema.org","@graph":[{"@type":"WebPage","@id":"https:\/\/www.fotocasa.es\/proyecto-vivienda\/politica-de-privacidad-proyecto-vivienda\/","url":"https:\/\/www.fotocasa.es\/proyecto-vivienda\/politica-de-privacidad-proyecto-vivienda\/","name":"Pol\u00edtica de Protecci\u00f3n de Datos - Fotocasa: Proyecto Vivienda","isPartOf":{"@id":"https:\/\/www.fotocasa.es\/proyecto-vivienda\/#website"},"datePublished":"2022-12-12T10:11:13+00:00","dateModified":"2024-10-16T14:29:50+00:00","breadcrumb":{"@id":"https:\/\/www.fotocasa.es\/proyecto-vivienda\/politica-de-privacidad-proyecto-vivienda\/#breadcrumb"},"inLanguage":"es","potentialAction":[{"@type":"ReadAction","target":["https:\/\/www.fotocasa.es\/proyecto-vivienda\/politica-de-privacidad-proyecto-vivienda\/"]}]},{"@type":"BreadcrumbList","@id":"https:\/\/www.fotocasa.es\/proyecto-vivienda\/politica-de-privacidad-proyecto-vivienda\/#breadcrumb","itemListElement":[{"@type":"ListItem","position":1,"name":"Home","item":"https:\/\/www.fotocasa.es\/proyecto-vivienda\/"},{"@type":"ListItem","position":2,"name":"Pol\u00edtica de Protecci\u00f3n de Datos"}]},{"@type":"WebSite","@id":"https:\/\/www.fotocasa.es\/proyecto-vivienda\/#website","url":"https:\/\/www.fotocasa.es\/proyecto-vivienda\/","name":"Fotocasa: Proyecto Vivienda","description":"Una iniciativa para ayudar a los j\u00f3venes y otros colectivos con ayudas, herramientas e informaci\u00f3n para ayudar a acceder a la vivienda a quien m\u00e1s lo necesita.","publisher":{"@id":"https:\/\/www.fotocasa.es\/proyecto-vivienda\/#organization"},"potentialAction":[{"@type":"SearchAction","target":{"@type":"EntryPoint","urlTemplate":"https:\/\/www.fotocasa.es\/proyecto-vivienda\/?s={search_term_string}"},"query-input":{"@type":"PropertyValueSpecification","valueRequired":true,"valueName":"search_term_string"}}],"inLanguage":"es"},{"@type":"Organization","@id":"https:\/\/www.fotocasa.es\/proyecto-vivienda\/#organization","name":"Fotocasa: Proyecto Vivienda","url":"https:\/\/www.fotocasa.es\/proyecto-vivienda\/","logo":{"@type":"ImageObject","inLanguage":"es","@id":"https:\/\/www.fotocasa.es\/proyecto-vivienda\/#\/schema\/logo\/image\/","url":"https:\/\/www.fotocasa.es\/proyecto-vivienda\/wp-content\/uploads\/2022\/07\/logo-baja-1.png","contentUrl":"https:\/\/www.fotocasa.es\/proyecto-vivienda\/wp-content\/uploads\/2022\/07\/logo-baja-1.png","width":500,"height":250,"caption":"Fotocasa: Proyecto Vivienda"},"image":{"@id":"https:\/\/www.fotocasa.es\/proyecto-vivienda\/#\/schema\/logo\/image\/"}}]}},"_links":{"self":[{"href":"https:\/\/www.fotocasa.es\/proyecto-vivienda\/wp-json\/wp\/v2\/pages\/28143","targetHints":{"allow":["GET"]}}],"collection":[{"href":"https:\/\/www.fotocasa.es\/proyecto-vivienda\/wp-json\/wp\/v2\/pages"}],"about":[{"href":"https:\/\/www.fotocasa.es\/proyecto-vivienda\/wp-json\/wp\/v2\/types\/page"}],"author":[{"embeddable":true,"href":"https:\/\/www.fotocasa.es\/proyecto-vivienda\/wp-json\/wp\/v2\/users\/5"}],"replies":[{"embeddable":true,"href":"https:\/\/www.fotocasa.es\/proyecto-vivienda\/wp-json\/wp\/v2\/comments?post=28143"}],"version-history":[{"count":0,"href":"https:\/\/www.fotocasa.es\/proyecto-vivienda\/wp-json\/wp\/v2\/pages\/28143\/revisions"}],"wp:attachment":[{"href":"https:\/\/www.fotocasa.es\/proyecto-vivienda\/wp-json\/wp\/v2\/media?parent=28143"}],"curies":[{"name":"wp","href":"https:\/\/api.w.org\/{rel}","templated":true}]}}